420?
2
What is the thousands digit of 2784?
2
What is the units digit of 26557?
7
What is the units digit of 2071?
1
What is the hundreds digit of 13533?
5
What is the hundreds digit of 1297?
2
What is the thousands digit of 12594?
2
What is the hundreds digit of 13716?
7
What is the thousands digit of 5687?
5
What is the ten thousands digit of 17347?
1
What is the units digit of 4345?
5
What is the hundreds digit of 13468?
4
What is the tens digit of 16128?
2
What is the tens digit of 7256?
5
What is the tens digit of 978?
7
What is the hundreds digit of 425?
4
What is the hundreds digit of 26282?
2
What is the hundreds digit of 8349?
3
What is the hundreds digit of 19418?
4
What is the thousands digit of 38188?
8
What is the units digit of 724?
4
What is the hundreds digit of 16916?
9
What is the tens digit of 3118?
1
What is the thousands digit of 19809?
9
What is the tens digit of 14628?
2
What is the tens digit of 3926?
2
What is the units digit of 20779?
9
What is the tens digit of 169?
6
What is the tens digit of 1688?
8
What is the hundreds digit of 118?
1
What is the hundreds digit of 4411?
4
What is the units digit of 1231?
1
What is the tens digit of 541?
4
What is the hundreds digit of 59806?
8
What is the units digit of 4845?
5
What is the tens digit of 462?
6
What is the tens digit of 538?
3
What is the thousands digit of 18062?
8
What is the hundreds digit of 69097?
0
What is the hundreds digit of 7879?
8
What is the thousands digit of 3096?
3
What is the units digit of 432?
2
What is the tens digit of 2273?
7
What is the thousands digit of 112727?
2
What is the thousands digit of 1005?
1
What is the hundreds digit of 5767?
7
What is the units digit of 167?
7
What is the units digit of 360?
0
What is the thousands digit of 7445?
7
What is the units digit of 1231?
1
What is the units digit of 63680?
0
What is the thousands digit of 3601?
3
What is the ten thousands digit of 42470?
4
What is the tens digit of 33346?
4
What is the thousands digit of 29351?
9
What is the hundreds digit of 61582?
5
What is the hundreds digit of 349?
3
What is the units digit of 746?
6
What is the thousands digit of 59092?
9
What is the units digit of 14864?
4
What is the units digit of 58666?
6
What is the hundreds digit of 10979?
9
What is the hundreds digit of 4313?
3
What is the thousands digit of 47506?
7
What is the units digit of 749?
9
What is the units digit of 671?
1
What is the hundreds digit of 495?
4
What is the thousands digit of 70870?
0
What is the units digit of 736?
6
What is the hundreds digit of 8716?
7
What is the thousands digit of 1267?
1
What is the hundreds digit of 544?
5
What is the tens digit of 1636?
3
What is the units digit of 6966?
6
What is the tens digit of 2608?
0
What is the hundreds digit of 64181?
1
What is the hundreds digit of 4918?
9
What is the tens digit of 92?
9
What is the hundreds digit of 1849?
8
What is the tens digit of 4065?
6
What is the units digit of 2001?
1
What is the units digit of 6094?
4
What is the units digit of 233?
3
What is the hundreds digit of 2522?
5
What is the units digit of 71917?
7
What is the ten thousands digit of 13078?
1
What is the tens digit of 365?
6
What is the thousands digit of 1515?
1
What is the hundreds digit of 5196?
1
What is the units digit of 162214?
4
What is the ten thousands digit of 33137?
3
What is the units digit of 66574?
4
What is the thousands digit of 1563?
1
What is the hundreds digit of 865?
8
What is the thousands digit of 35202?
5
What is the tens digit of 4898?
9
What is the ten thousands digit of 98726?
9
What is the thousands digit of 9860?
9
What is the thousands digit of 8024?
8
What is the units digit of 3822?
2
What is the ten thousands digit of 62306?
6
What is the tens digit of 1420?
2
What is the units digit of 2674?
4
What is the tens digit of 4898?
9
What is the units digit of 73?
3
What is the units digit of 39661?
1
What is the units digit of 122?
2
What is the hundreds digit of 63272?
2
What is the hundreds digit of 3654?
6
What is the thousands digit of 1447?
1
What is the units digit of 38370?
0
What is the thousands digit of 88082?
8
What is the tens digit of 25825?
2
What is the tens digit of 31445?
4
What is the tens digit of 3354?
5
What is the thousands digit of 22647?
2
What is the hundreds digit of 2262?
2
What is the hundreds digit of 5368?
3
What is the tens digit of 752?
5
What is the tens digit of 903?
0
What is the tens digit of 874?
7
What is the units digit of 126461?
1
What is the hundreds digit of 875?
8
What is the hundreds digit of 3322?
3
What is the tens digit of 32204?
0
What is the hundreds digit of 9619?
6
What is the thousands digit of 6028?
6
What is the units digit of 5395?
5
What is the ten thousands digit of 11024?
1
What is the units digit of 43969?
9
What is the hundreds digit of 63370?
3
What is the tens digit of 1104?
0
What is the thousands digit of 1150?
1
What is the units digit of 3004?
4
What is the tens digit of 1410?
1
What is the hundreds digit of 3548?
5
What is the units digit of 21650?
0
What is the tens digit of 715?
1
What is the thousands digit of 1326?
1
What is the hundreds digit of 7876?
8
What is the thousands digit of 1010?
1
What is the tens digit of 71121?
2
What is the hundreds digit of 704?
7
What is the units digit of 6966?
6
What is the thousands digit of 14545?
4
What is the thousands digit of 1170?
1
What is the thousands digit of 7836?
7
What is the units digit of 6394?
4
What is the thousands digit of 14474?
4
What is the hundreds digit of 6269?
2
What is the thousands digit of 19324?
9
What is the thousands digit of 3850?
3
What is the thousands digit of 86377?
6
What is the hundreds digit of 2243?
2
What is the thousands digit of 63975?
3
What is the tens digit of 17880?
8
What is the hundreds digit of 5889?
8
What is the units digit of 3240?
0
What is the thousands digit of 13482?
3
What is the hundreds digit of 9408?
4
What is the tens digit of 10142?
4
What is the thousands digit of 10074?
0
What is the tens digit of 139718?
1
What is the units digit of 2990?
0
What is the hundreds digit of 101192?
1
What is the thousands digit of 45583?
5
What is the thousands digit of 1263?
1
What is the thousands digit of 2295?
2
What is the units digit of 126909?
9
What is the units digit of 2757?
7
What is the units digit of 826?
6
What is the thousands digit of 13274?
3
What is the hundreds digit of 2495?
4
What is the units digit of 59596?
6
What is the units digit of 783?
3
What is the units digit of 8395?
5
What is the units digit of 892?
2
What is the thousands digit of 1198?
1
What is the tens digit of 7405?
0
What is the ten thousands digit of 25408?
2
What is the units digit of 3050?
0
What is the tens digit of 8190?
9
What is the ten thousands digit of 13162?
1
What is the hundreds digit of 947?
9
What is the hundreds digit of 71880?
8
What is the thousands digit of 10959?
0
What is the tens digit of 710?
1
What is the units digit of 656?
6
What is the tens digit of 19?
1
What is the hundreds digit of 1662?
6
What is the ten thousands digit of 12213?
1
What is the tens digit of 1114?
1
What is the thousands digit of 74553?
4
What is the units digit of 7718?
8
What is the thousands digit of 2711?
2
What is the units digit of 266?
6
What is the hundreds digit of 3663?
6
What is the units digit of 1098?
8
What is the units digit of 533?
3
What is the thousands digit of 1612?
1
What is the hundreds digit of 22916?
9
What is the units digit of 10348?
8
What is the units digit of 20004?
4
What is the ten thousands digit of 56778?
5
What is the hundreds digit of 311?
3
What is the hundreds digit of 247?
2
What is the tens digit of 8881?
8
What is the thousands digit of 9356?
9
What is the units digit of 571?
1
What is the thousands digit of 2728?
2
What is the units digit of 4351?
1
What is the hundreds digit of 955?
9
What is the tens digit of 11069?
6
What is the thousands digit of 8211?
8
What is the ten thousands digit of 26171?
2
What is the hundreds digit of 34106?
1
What is the tens digit of 6331?
3
What is the hundreds digit of 36118?
1
What is the hundreds digit of 13643?
6
What is the units digit of 1929?
9
What is the units digit of 638?
8
What is the tens digit of